he greatest common factor of 58 and h?
2
Let q = -36 - -54. Suppose -85 = 1369*v - 1374*v. Suppose q = 18*t - v*t. Calculate the greatest common factor of t and 30.
6
Suppose -2*t - 4*j = -342, -t = -3*j - 115 - 91. What is the highest common divisor of 407 and t?
37
Let k(d) = 13*d**2 - 141*d + 287. Let t be k(2). Calculate the greatest common divisor of t and 9861.
57
Suppose 2*m + 30 = -p, 0 = 5*p - 0*p - 2*m + 102. Let r = -1534 + 1504. Let y = p - r. What is the greatest common factor of 16 and y?
8
Let o = -5 + -38. Let j = -35 - o. Let c be j + -2 + 24/(-6). Calculate the greatest common divisor of 6 and c.
2
Let y(d) = d**3 - 5*d**2 - 16*d + 1. Let t(z) = 4*z + 88. Let m be t(-20). Let q be y(m). Calculate the highest common divisor of 130 and q.
65
Suppose 16*u + 12*u = 41*u - 168220. What is the highest common divisor of 20 and u?
20
Suppose 6*m = 84 + 120. Let u be 3/(24/4)*m. What is the greatest common factor of u and 714?
17
Let u be ((-714)/(-595))/(2/285). Let g be u/45 - (-32)/(-40). Calculate the highest common factor of 2 and g.
1
Let q(n) = 146*n + 2003. Let z be q(-13). Calculate the highest common divisor of z and 75.
15
Suppose 4*s + 29 = l, 3*s = -4*l + 2*s + 201. Suppose 4*i + 50 = 4*m + 10, -4*i = -3*m + 33. What is the greatest common divisor of l and m?
7
Let v be 0 + 4*5/2. Suppose -g - 21 + v = -2*h, h = -g + 10. What is the greatest common factor of h and 56?
7
Suppose 801*t + 196 = 829*t. What is the greatest common factor of 5509 and t?
7
Suppose -9*w = -3*g - 15*w + 78, 0 = -3*g - 4*w + 88. What is the greatest common factor of g and 711?
9
Let d be (6 + -1)*162/5. Suppose -103 = -25*y + 47. Calculate the highest common divisor of y and d.
6
Let t = 35994 + -35979. Calculate the greatest common factor of 24945 and t.
15
Let x(s) = -6*s + 5. Let n be x(-5). Suppose 0 = -2*w - 0*w + 44. Let t be (35*-3)/((-33)/w). What is the greatest common divisor of n and t?
35
Suppose 0 = 6*z - z + 180. Let r be (-9)/(4/z*3). Let o be (27/(-2))/(3/(-6)). Calculate the highest common divisor of o and r.
27
Suppose 72*o = 5 + 355. Let q(w) = -w**3 - 8*w + 7 + w + 0 + 7*w**2. Let k be q(o). Calculate the highest common factor of k and 2.
2
Let v be (10925/285)/((-5)/(-411)). What is the highest common factor of v and 23?
23
Suppose -125*x = -1541 - 334. Calculate the highest common factor of x and 813.
3
Suppose 0 = 5*p + 20, 3*m + 2*m - 5*p = 10. Let q be 11/1 + (-1 - (m + 2)). Let n be 24*(2 - q/8). What is the greatest common divisor of n and 198?
18
Suppose -m - 220 + 222 = 0. Let c be 25 + (m - (0 + -3)). Let k = 64 - 44. Calculate the greatest common divisor of c and k.
10
Let k = -10 - -10. Suppose 4*s = -5*d + 37, k*s + 2 = d - s. Suppose 2*g + 2 = -3*j - d, -5*j = 3*g + 12. Calculate the greatest common factor of 1 and g.
1
Suppose -102*w + 75*w = 127*w - 249018. What is the greatest common divisor of 588 and w?
147
Let d(w) = -w**3 + 12*w**2 - 9*w + 3. Let b be d(11). Suppose 172*y = 144*y + 140. Calculate the highest common factor of b and y.
5
Suppose 0 = 79*z - 124*z. Let c = 18 + -6. Suppose z = -c*n + 12 + 84. Calculate the highest common factor of n and 64.
8
Let h(o) = o**3 - 17*o**2 + 41*o + 11. Let a be h(14). Let i be a/(-2)*(-14)/(-105)*20. What is the highest common divisor of 244 and i?
4
Let n be 16/((-73 + 71)*2/(-8)*2). Let h be (-1)/(4/5 - 1). Let p = -1 + h. What is the greatest common divisor of p and n?
4
Suppose -12*g + 14*g - j = 136, 4*g + 3*j = 252. Suppose w = 3*w - 528. Calculate the highest common divisor of w and g.
66
Suppose 5*d + 37 = -13. Let i(f) = -f**2 + 11*f - 40. Let p be i(6). Let l be (-16)/p*(-400)/d. What is the highest common factor of 16 and l?
16
Suppose 4*o = 20, -2*g + 5*o + 1990 = -4509. Calculate the greatest common divisor of 56 and g.
14
Let k = -473 + 1181. Suppose -g = 2*s - 23, 5*g = s - 0*s - 17. What is the greatest common factor of s and k?
12
Let d(h) be the second derivative of 143*h**3/6 + h**2/2 - 17*h. Let z be d(1). Let t = z - 102. What is the greatest common factor of 6 and t?
6
Let o(l) = -l**2 - 20*l + 105. Let t be o(-19). Let a = -58 + t. What is the highest common divisor of a and 33?
33
Suppose -8*y + 0 + 32 = -4*f, 0 = y + 5*f + 29. What is the highest common factor of y and 128?
1
Let y = 5518 - 4486. Calculate the highest common factor of y and 4.
4
Let g = 701 - 415. Let c = -3296 + 3406. What is the highest common factor of g and c?
22
Let j be 2/(0 - (-28)/3570). Calculate the greatest common divisor of j and 34.
17
Let r be 1 + 1 + -1 + 0. Suppose -g - r = -12. Let l(k) = -1550*k - 69629. Let h be l(-45). What is the greatest common divisor of h and g?
11
Suppose -5 = -3*n + 5*n + l, -5*n - 17 = -2*l. Let y be (n + (-162)/15)*-5. Let g(r) = 5*r - 22. Let v be g(9). Calculate the highest common divisor of y and v.
23
Let c = -7925 - -8075. What is the greatest common factor of 780 and c?
30
Suppose 0 = 2*u - 4*t - 2202, -20*t = -3*u - 22*t + 3351. What is the highest common divisor of u and 63?
21
Let f be (16/(-20))/(1/(-60)). Let w be (f/18)/((-2)/(-24)). Suppose 2*c - 9 = 2*k + 47, -5*k - 68 = -2*c. What is the highest common divisor of w and c?
8
Suppose 28*s - 3*w = 32*s - 6373, -3167 = -2*s + 5*w. What is the highest common divisor of 258 and s?
43
Let s = -38 - -10. Suppose -5*i - 36*q + 140 = -31*q, -i + 40 = -3*q. Let t = s + i. What is the highest common divisor of t and 1?
1
Let b = 219 + 555. Calculate the highest common divisor of 72 and b.
18
Suppose -875 = -15*m - 57 + 1207. Calculate the highest common divisor of 95 and m.
5
Let k be (-4)/18 - 5/(-135)*87. Suppose -3*z + 12 = 3*n, -3*z - n + k*n = -17. Suppose 18*j = 19*j - z. What is the highest common factor of 5 and j?
5
Suppose -8 = -2*a + 2*h, -883 = 2*a + 3*h - 891. Suppose 0*g - 4*g = -44. Calculate the greatest common factor of g and a.
1
Suppose -2*u + 9*u = 5*u. Suppose w - 11 + u = 0. Calculate the greatest common factor of w and 121.
11
Let n(a) = -333*a - 7176. Let v be n(-22). What is the greatest common factor of 70 and v?
10
Let q be -8*(-11)/22 - -68. What is the highest common factor of q and 1215?
9
Suppose 0 = -j + 4*t + 45, -2*j + 13 = -11*t + 14*t. Let c = 760 + -301. Calculate the greatest common factor of j and c.
17
Let b be (-3)/(-9)*51 + 12 + (1 - 11). What is the highest common divisor of b and 4?
1
Let k = 1782 + -978. What is the highest common factor of k and 96?
12
Suppose -3*c = -554 + 479. Suppose 5*p + 62 = -48. Let d = c + p. What is the greatest common divisor of d and 15?
3
Suppose 22413 = 36*o - 57615. Calculate the highest common divisor of o and 117.
117
Let j be (5 + 91/(-28))*4. Let x be (-2)/(4/26*j/(-77)). Calculate the highest common factor of 33 and x.
11
Let i = 25673 - 24020. What is the highest common factor of 348 and i?
87
Suppose -79*d - 1190 = -198*d. What is the greatest common factor of d and 1910?
10
Suppose 0 = 2*g + 19 + 49. Let j = -23 - g. Suppose 4*v - 8 = 0, -4*h + h - 3*v + 237 = 0. What is the highest common factor of h and j?
11
Suppose 0 = -4*x + t + 127, -150 = -x - 4*x + 3*t. Let y = 41 - x. Suppose -7*m = -y*m + 37. What is the greatest common factor of 296 and m?
37
Let c(d) = d**3 + 14*d**2 + 14*d + 19. Let y be c(-13). Suppose 233 = -y*z + 989. What is the highest common divisor of 42 and z?
42
Let i be 31618/17 - 2/(-17). Calculate the highest common divisor of i and 390.
30
Let f = -41 + 77. Let u = -303 - -89. Let a = u + 538. What is the greatest common divisor of f and a?
36
Let c = 2489 + -591. What is the greatest common divisor of 39 and c?
13
Let u be 280/(-64) + 4 - (-102)/16. Suppose 0 = -l + 2*l - 5. Let a be u + 3 + l + -6. What is the greatest common divisor of 200 and a?
8
Let m be (-14)/(-56) + -2*(-34)/(-16). Let g(l) = 9*l + 10. Let p be g(m). Let f = -19 - p. Calculate the highest common divisor of f and 91.
7
Suppose -4625 = -4*g - 5*m, 38*m + 5794 = 5*g + 40*m. Calculate the greatest common factor of g and 60.
20
Suppose 0*o + 5*o + 50 = d, -d + 4*o + 47 = 0. Let v = 40 - d. Let k be (46/(-10) + v)*340. What is the greatest common factor of 8 and k?
8
Let q(g) = 486*g + 82. Let x be q(0). Calculate the highest common factor of 2 and x.
2
Let t(w) = -122*w - 8. Let b be t(-4). Calc